13, 6197
List the prime factors of 4674098.
2, 11, 13, 59, 277
What are the prime factors of 58474?
2, 13, 173
What are the prime factors of 481976?
2, 11, 5477
List the prime factors of 2482941.
3, 71, 11657
List the prime factors of 883818.
2, 3, 13, 1259
What are the prime factors of 674346?
2, 3, 167, 673
List the prime factors of 15279983.
1579, 9677
What are the prime factors of 152628?
2, 3, 7, 23, 79
List the prime factors of 65130.
2, 3, 5, 13, 167
What are the prime factors of 12143374?
2, 6071687
What are the prime factors of 2013209?
11, 29, 6311
List the prime factors of 257270.
2, 5, 13, 1979
List the prime factors of 2191630.
2, 5, 7, 131, 239
What are the prime factors of 122553?
3, 17, 89
List the prime factors of 12328910.
2, 5, 11, 17, 19, 347
What are the prime factors of 127199?
311, 409
List the prime factors of 442182.
2, 3, 13, 5669
What are the prime factors of 2612029?
7, 31, 12037
List the prime factors of 3611878.
2, 257, 7027
List the prime factors of 27064941.
3, 9021647
What are the prime factors of 3748475?
5, 149939
What are the prime factors of 24142385?
5, 4828477
What are the prime factors of 1074410?
2, 5, 107441
What are the prime factors of 389623?
13, 17, 41, 43
What are the prime factors of 41152743?
3, 4572527
What are the prime factors of 680049?
3, 89, 283
List the prime factors of 108930.
2, 3, 5, 3631
What are the prime factors of 3905805?
3, 5, 260387
List the prime factors of 2170044.
2, 3, 71, 283
List the prime factors of 1396491.
3, 23, 37, 547
List the prime factors of 23321551.
11, 163, 13007
What are the prime factors of 2895694?
2, 37, 109, 359
List the prime factors of 204530.
2, 5, 113, 181
What are the prime factors of 450862?
2, 225431
List the prime factors of 513694.
2, 419, 613
List the prime factors of 2911029.
3, 11, 17, 5189
List the prime factors of 1914661.
7, 43, 6361
List the prime factors of 236294.
2, 118147
List the prime factors of 9328505.
5, 521, 3581
List the prime factors of 15265392.
2, 3, 31, 10259
List the prime factors of 114578.
2, 59, 971
List the prime factors of 981128.
2, 29, 4229
What are the prime factors of 425335?
5, 257, 331
List the prime factors of 2691932.
2, 672983
List the prime factors of 187501.
97, 1933
List the prime factors of 545125.
5, 7, 89
What are the prime factors of 13410694?
2, 11, 19, 32083
What are the prime factors of 5545701?
3, 7, 19, 41, 113
List the prime factors of 7490018.
2, 233, 16073
List the prime factors of 183280.
2, 5, 29, 79
What are the prime factors of 40902?
2, 3, 17, 401
What are the prime factors of 295369?
53, 5573
List the prime factors of 12362048.
2, 233, 829
List the prime factors of 6215937.
3, 7, 13, 22769
What are the prime factors of 28507?
29, 983
What are the prime factors of 6958066?
2, 17, 19, 10771
What are the prime factors of 1643480?
2, 5, 181, 227
List the prime factors of 514898.
2, 101, 2549
List the prime factors of 41882.
2, 43, 487
List the prime factors of 30145865.
5, 41, 307, 479
List the prime factors of 125369.
283, 443
List the prime factors of 1703230.
2, 5, 17, 43, 233
List the prime factors of 1351877.
43, 149, 211
What are the prime factors of 11227668?
2, 3, 935639
List the prime factors of 5573325.
3, 5, 74311
List the prime factors of 960897.
3, 7, 45757
What are the prime factors of 220670?
2, 5, 22067
List the prime factors of 106736.
2, 7, 953
What are the prime factors of 2770147?
613, 4519
List the prime factors of 11604085.
5, 53, 43789
What are the prime factors of 588916?
2, 147229
List the prime factors of 27161.
157, 173
What are the prime factors of 21666626?
2, 1181, 9173
List the prime factors of 75954.
2, 3, 12659
What are the prime factors of 7241758?
2, 3620879
What are the prime factors of 211870?
2, 5, 21187
List the prime factors of 1304711.
19, 68669
List the prime factors of 1035113.
17, 60889
What are the prime factors of 2088696?
2, 3, 29, 3001
List the prime factors of 760721.
13, 163, 359
List the prime factors of 29866179.
3, 7, 1422199
List the prime factors of 6061529.
6061529
What are the prime factors of 670696?
2, 13, 6449
List the prime factors of 128930.
2, 5, 12893
List the prime factors of 700927.
17, 41231
What are the prime factors of 172608?
2, 3, 29, 31
What are the prime factors of 5813814?
2, 3, 139, 6971
What are the prime factors of 3939027?
3, 811, 1619
List the prime factors of 3073026.
2, 3, 11, 101, 461
List the prime factors of 241713.
3, 107, 251
List the prime factors of 1662484.
2, 37, 47, 239
What are the prime factors of 421721?
53, 73, 109
What are the prime factors of 11977609?
7, 29, 8429
What are the prime factors of 1365848?
2, 11, 17, 83
List the prime factors of 227213.
7, 4637
What are the prime factors of 2594253?
3, 29, 29819
List the prime factors of 149824.
2, 2341
What are the prime factors of 9985175?
5, 307, 1301
List the prime factors of 1777955.
5, 355591
What are the prime factors of 72759?
3, 79, 307
List the prime factors of 3355931.
1511, 2221
List the prime factors of 1093548.
2, 3, 91129
List the prime factors of 696154.
2, 348077
List the prime factors of 1156481.
79, 14639
What are the prime factors of 1770281?
61, 29021
List the prime factors of 263048.
2, 131, 251
What are the prime factors of 697980?
2, 3, 5, 11633
List the prime factors of 628276.
2, 11, 109, 131
What are the prime factors of 59492?
2, 107, 139
What are the prime factors of 192220?
2, 5, 7, 1373
What are the prime factors of 2036108?
2, 509027
What are the prime factors of 13857650?
2, 5, 19, 29, 503
List the prime factors of 191133.
3, 7079
List the prime factors of 13203231.
3, 71, 61987
List the prime factors of 612623.
11, 61, 83
What are the prime factors of 400559?
400559
What are the prime factors of 22060674?
2, 3, 136177
List the prime factors of 5199831.
3, 7, 13, 907
What are the prime factors of 2581161?
3, 11, 17, 43, 107
What are the prime factors of 22659?
3, 7, 13, 83
What are the prime factors of 1074767?
23, 83, 563
List the prime factors of 2844934.
2, 53, 26839
What are the prime factors of 24045?
3, 5, 7, 229
List the prime factors of 838821.
3, 279607
List the prime factors of 11359.
37, 307
What are the prime factors of 822288?
2, 3, 37, 463
List the prime factors of 16562818.
2, 53, 156253
What are the prime factors of 158659?
29, 5471
List the prime factors of 3733359.
3, 7, 109, 233
What are the prime factors of 311042?
2, 155521
What are the prime factors of 1036690?
2, 5, 103669
List the prime factors of 1854051.
3, 79, 7823
What are the prime factors of 1738165?
5, 11, 13, 17
What are the prime factors of 601627?
13, 46279
What are the prime factors of 9338154?
2, 3, 7, 222337
List the prime factors of 881196.
2, 3, 73433
What are the prime factors of 360752?
2, 7, 3221
List the prime factors of 7371459.
3, 31, 8807
List the prime factors of 272034.
2, 3, 7, 17, 127
What are the prime factors of 13245712?
2, 827857
What are the prime factors of 1755506?
2, 97, 9049
What are the prime factors of 1173975?
3, 5, 11, 1423
List the prime factors of 4014064.
2, 29, 41, 211
What are the prime factors of 1331850?
2, 3, 5, 13, 683
List the prime factors of 8615468.
2, 53, 40639
List the prime factors of 592247.
47, 12601
What are the prime factors of 310494?
2, 3, 51749
List the prime factors of 1175049.
3, 137, 953
List the prime factors of 1172762.
2, 17, 2029
What are the prime factors of 2324991?
3, 774997
What are the prime factors of 27062780?
2, 5, 383, 3533
List the prime factors of 75448.
2, 9431
What are the prime factors of 9683805?
3, 5, 23, 28069
List the prime factors of 16613736.
2, 3, 692239
List the prime factors of 257205.
3, 5, 13, 1319
What are the prime factors of 1463934?
2, 3, 243989
List the prime factors of 22004656.
2, 491, 2801
What are the prime factors of 1498677?
3, 499559
List the prime factors of 29215477.
29215477
List the prime factors of 1685890.
2, 5, 17, 47, 211
What are the prime factors of 167886?
2, 3, 3109
List the prime factors of 2103701.
701, 3001
List the prime factors of 3884938.
2, 1087, 1787
What are the prime factors of 7094734?
2, 29, 122323
What are the prime factors of 9198176?
2, 13, 22111
What are the prime factors of 1591691?
83, 127, 151
What are the pr